{"id":69,"date":"2020-03-07T11:14:29","date_gmt":"2020-03-07T11:14:29","guid":{"rendered":"https:\/\/best-cellar-raz.de\/?page_id=69"},"modified":"2020-03-09T10:04:03","modified_gmt":"2020-03-09T10:04:03","slug":"johannes","status":"publish","type":"page","link":"https:\/\/best-cellar-raz.de\/index.php\/johannes\/","title":{"rendered":"Johannes Weber"},"content":{"rendered":"\n<p>Die Liebe und Hingabe zur Musik habe ich von meinem Vater. Schon im zarten Alter von 8 Jahren unterrichtete er mich auf der Geige. Filigran, klassisch, viel Schwei\u00df, viel Tr\u00e4nen &#8211; dann lieber doch Gitarre. Zuerst klassisch, dann am Lagerfeuer &#8211; Wow, damit kann man M\u00e4dels beeindrucken! <br>Aber es geht noch mehr, elektrisch, laut, die B\u00fchne ruft!<br>Rockmusik &#8211; Rauh, ehrlich, rebellisch, voll auf die zw\u00f6lf &#8211; endlich daheim.<br>Blues, Rock, Jazzrock in einigen Bands, Minas Tirith, Kinshasa, Mystic Sparcle, Banana Republic, Cincu &#8211; Jahre on the road &#8230;. dann Familie, Kinder, sesshaft werden.<br>Die Liebe zur Rockmusik habe ich nie verloren.<br>Seit 2014 unterwegs mit den Best Cellar R@z auf einer Reise zu den Urspr\u00fcngen mit Coverrock aus 40 Jahren Musikgeschichte.<\/p>\n\n\n\n<p> <a href=\"mailto:ingo@best-cellar-raz.de\">mailto:johannes@best-cellar-raz.de<\/a> <\/p>\n\n\n\n<div class=\"wp-block-flagallery-gallery flagallery-shortcode\"><div class=\"flagallery amron_skin\" id=\"FlaGallery_sc1_4\" ><style type=\"text\/css\" class=\"flagallery_skin_style_import\">body > .flagallery-wrapper > div.flagallery { overflow: visible !important; }<\/style><script type=\"application\/json\" class=\"FlaGallery_sc1_4\">{\"settings\":{\"collectionThumbColumns\":\"3\",\"collectionThumbRecomendedWidth\":\"260\",\"collectionPreloaderColor\":\"#333333\",\"linkTargetWindow\":\"_blank\",\"thumbSpacing\":\"10\",\"tagsFilter\":\"0\",\"tagCloudSort\":\"1\",\"tagCloudAll\":\"All\",\"tagCloudAllTagPresented\":\"1\",\"tagCloudStartIndex\":\"0\",\"tagCloudTextColor\":\"#000000\",\"tagCloudBgColor\":\"#eeeeee\",\"collectionThumbHoverColor\":\"rgba(0, 0, 0, .7)\",\"collectionThumbContentBGColor\":\"rgba(245,245,245,1)\",\"collectionThumbTitleShow\":\"1\",\"collectionThumbTitleColor\":\"rgba(0,0,0,1)\",\"collectionThumbFontSize\":\"18\",\"collectionThumbDescriptionShow\":\"1\",\"collectionThumbDescriptionColor\":\"rgba(0,0,0,1)\",\"collectionThumbDescriptionFontSize\":\"15\",\"collectionReadMoreButtonLabel\":\"Read More\",\"collectionReadMoreButtonLabelColor\":\"rgba(255, 255, 255, 1)\",\"collectionReadMoreButtonBGColor\":\"rgba(0, 0, 0, 1)\",\"collectionReadMoreButtonLabelColorHover\":\"rgba(0, 0, 0, 1)\",\"collectionReadMoreButtonBGColorHover\":\"rgba(235,235,235,1)\",\"modaBgColor\":\"rgba(0,0,0,0.9)\",\"modalInfoBoxBgColor\":\"rgba(255,255,255,1)\",\"modalInfoBoxTitleTextColor\":\"rgba(0,0,0,1)\",\"modalInfoBoxTextColor\":\"rgba(70,70,70,1)\",\"infoBarExifEnable\":\"0\",\"infoBarCountersEnable\":\"1\",\"infoBarDateInfoEnable\":\"1\",\"lightBoxEnable\":\"1\",\"copyR_Protection\":\"0\",\"copyR_Alert\":\"Hello, this photo is mine!\",\"sliderScrollNavi\":\"0\",\"sliderNextPrevAnimation\":\"animation\",\"sliderPreloaderColor\":\"#ffffff\",\"sliderBgColor\":\"rgba(0,0,0,0.8)\",\"sliderHeaderFooterBgColor\":\"#000000\",\"sliderNavigationColor\":\"rgba(0,0,0,1)\",\"sliderNavigationIconColor\":\"rgba(255,255,255,1)\",\"sliderNavigationColorOver\":\"rgba(255,255,255,1)\",\"sliderNavigationIconColorOver\":\"rgba(0,0,0,1)\",\"sliderItemTitleEnable\":\"1\",\"sliderItemTitleFontSize\":\"24\",\"sliderItemTitleTextColor\":\"#ffffff\",\"sliderThumbBarEnable\":\"0\",\"sliderThumbBarHoverColor\":\"#ffffff\",\"sliderThumbSubMenuBackgroundColor\":\"rgba(0,0,0,1)\",\"sliderThumbSubMenuBackgroundColorOver\":\"rgba(255,255,255,1)\",\"sliderThumbSubMenuIconColor\":\"rgba(255,255,255,1)\",\"sliderThumbSubMenuIconHoverColor\":\"rgba(0,0,0,1)\",\"sliderPlayButton\":\"0\",\"slideshowDelay\":\"8\",\"slideshowProgressBarColor\":\"rgba(255,255,255,1)\",\"slideshowProgressBarBGColor\":\"rgba(255,255,255,0.6)\",\"sliderInfoEnable\":\"1\",\"sliderZoomButton\":\"1\",\"sliderItemDownload\":\"0\",\"sliderSocialShareEnabled\":\"1\",\"sliderLikesEnabled\":\"1\",\"sliderFullScreen\":\"1\",\"customCSS\":\"body > .flagallery-wrapper > div.flagallery { overflow: visible !important; }\",\"key\":\"\",\"name\":\"\",\"galleryID\":\"sc1_4\",\"post_url\":\"https:\\\/\\\/best-cellar-raz.de\\\/wp-json\\\/wp\\\/v2\\\/pages\\\/69\",\"module_url\":\"https:\\\/\\\/best-cellar-raz.de\\\/wp-content\\\/plugins\\\/flagallery-skins\\\/amron\\\/\"}, \"data\":[{\"gallery\":{\"gid\":\"4\",\"name\":\"johannes\",\"path\":\"https:\\\/\\\/best-cellar-raz.de\\\/wp-content\\\/flagallery\\\/johannes\",\"title\":\"Johannes\",\"galdesc\":\"\"},\"data\":[{\"pid\":\"72\",\"filename\":\"snapshot0.jpg\",\"description\":\"\",\"alttext\":\"\",\"link\":null,\"imagedate\":\"2020-03-09 14:49:15\",\"hitcounter\":\"32\",\"total_value\":\"0\",\"total_votes\":\"0\",\"meta_data\":{\"aperture\":false,\"credit\":false,\"camera\":false,\"caption\":false,\"created_timestamp\":false,\"copyright\":false,\"focal_length\":false,\"iso\":false,\"shutter_speed\":false,\"flash\":false,\"title\":false,\"keywords\":false,\"width\":1920,\"height\":1080,\"saved\":true,\"thumbnail\":{\"width\":400,\"height\":225},\"webview\":{\"0\":1920,\"1\":1080,\"2\":2,\"3\":\"width=\\\"1920\\\" height=\\\"1080\\\"\",\"bits\":8,\"channels\":3,\"mime\":\"image\\\/jpeg\"}}},{\"pid\":\"86\",\"filename\":\"img_8543.jpg\",\"description\":\"\",\"alttext\":\"\",\"link\":null,\"imagedate\":\"2018-07-20 17:39:30\",\"hitcounter\":\"36\",\"total_value\":\"0\",\"total_votes\":\"0\",\"meta_data\":{\"aperture\":\"F 2.4\",\"credit\":false,\"camera\":\"iPhone X\",\"caption\":false,\"created_timestamp\":\"M\\u00e4rz 9, 2020 3:00 pm\",\"copyright\":false,\"focal_length\":\"6mm\",\"iso\":16,\"shutter_speed\":\"1\\\/210sec\",\"flash\":\"Not fired\",\"title\":false,\"keywords\":false,\"width\":1200,\"height\":1200,\"saved\":true,\"thumbnail\":{\"width\":400,\"height\":400},\"webview\":{\"0\":1200,\"1\":1200,\"2\":2,\"3\":\"width=\\\"1200\\\" height=\\\"1200\\\"\",\"bits\":8,\"channels\":3,\"mime\":\"image\\\/jpeg\"}}},{\"pid\":\"36\",\"filename\":\"best_cellar_raz_weilheim-12-von-34.jpg\",\"description\":\"\",\"alttext\":\"\",\"link\":null,\"imagedate\":\"2019-01-12 21:02:14\",\"hitcounter\":\"33\",\"total_value\":\"0\",\"total_votes\":\"0\",\"meta_data\":{\"aperture\":\"F 1.8\",\"credit\":false,\"camera\":\"ILCE-6500\",\"caption\":false,\"created_timestamp\":\"M\\u00e4rz 7, 2020 2:49 pm\",\"copyright\":false,\"focal_length\":\"50mm\",\"iso\":1250,\"shutter_speed\":\"1\\\/100sec\",\"flash\":\"Not fired\",\"title\":false,\"keywords\":false,\"width\":6000,\"height\":4000,\"saved\":true,\"thumbnail\":{\"width\":400,\"height\":266},\"webview\":{\"0\":2000,\"1\":1333,\"2\":2,\"3\":\"width=\\\"2000\\\" height=\\\"1333\\\"\",\"bits\":8,\"channels\":3,\"mime\":\"image\\\/jpeg\"}}},{\"pid\":\"70\",\"filename\":\"snapshot6.jpg\",\"description\":\"\",\"alttext\":\"\",\"link\":null,\"imagedate\":\"2020-03-09 14:43:46\",\"hitcounter\":\"29\",\"total_value\":\"0\",\"total_votes\":\"0\",\"meta_data\":{\"aperture\":false,\"credit\":false,\"camera\":false,\"caption\":false,\"created_timestamp\":false,\"copyright\":false,\"focal_length\":false,\"iso\":false,\"shutter_speed\":false,\"flash\":false,\"title\":false,\"keywords\":false,\"width\":1920,\"height\":1080,\"saved\":true,\"thumbnail\":{\"width\":400,\"height\":225},\"webview\":{\"0\":1920,\"1\":1080,\"2\":2,\"3\":\"width=\\\"1920\\\" height=\\\"1080\\\"\",\"bits\":8,\"channels\":3,\"mime\":\"image\\\/jpeg\"}}},{\"pid\":\"69\",\"filename\":\"joh_osf_2.jpg\",\"description\":\"\",\"alttext\":\"\",\"link\":null,\"imagedate\":\"2020-03-09 14:39:13\",\"hitcounter\":\"39\",\"total_value\":\"0\",\"total_votes\":\"0\",\"meta_data\":{\"aperture\":false,\"credit\":false,\"camera\":false,\"caption\":false,\"created_timestamp\":\"M\\u00e4rz 9, 2020 2:38 pm\",\"copyright\":false,\"focal_length\":false,\"iso\":false,\"shutter_speed\":false,\"flash\":false,\"title\":false,\"keywords\":false,\"width\":452,\"height\":791,\"saved\":true,\"thumbnail\":{\"width\":228,\"height\":400},\"webview\":{\"0\":452,\"1\":791,\"2\":2,\"3\":\"width=\\\"452\\\" height=\\\"791\\\"\",\"bits\":8,\"channels\":3,\"mime\":\"image\\\/jpeg\"}}},{\"pid\":\"42\",\"filename\":\"img_8138.jpg\",\"description\":\"\",\"alttext\":\"\",\"link\":null,\"imagedate\":\"2018-06-23 16:59:05\",\"hitcounter\":\"33\",\"total_value\":\"0\",\"total_votes\":\"0\",\"meta_data\":{\"aperture\":\"F 1.8\",\"credit\":false,\"camera\":\"iPhone X\",\"caption\":false,\"created_timestamp\":\"M\\u00e4rz 7, 2020 3:08 pm\",\"copyright\":false,\"focal_length\":\"4mm\",\"iso\":20,\"shutter_speed\":\"1\\\/450sec\",\"flash\":\"Not fired\",\"title\":false,\"keywords\":false,\"width\":1200,\"height\":1113,\"saved\":true,\"thumbnail\":{\"width\":400,\"height\":371},\"webview\":{\"0\":1200,\"1\":1113,\"2\":2,\"3\":\"width=\\\"1200\\\" height=\\\"1113\\\"\",\"bits\":8,\"channels\":3,\"mime\":\"image\\\/jpeg\"}}},{\"pid\":\"37\",\"filename\":\"img_9004.jpg\",\"description\":\"\",\"alttext\":\"\",\"link\":null,\"imagedate\":\"2017-12-04 20:37:20\",\"hitcounter\":\"34\",\"total_value\":\"0\",\"total_votes\":\"0\",\"meta_data\":{\"aperture\":\"F 8\",\"credit\":false,\"camera\":\"Canon EOS 7D\",\"caption\":false,\"created_timestamp\":\"M\\u00e4rz 7, 2020 2:36 pm\",\"copyright\":false,\"focal_length\":\"30mm\",\"iso\":100,\"shutter_speed\":\"1\\\/250sec\",\"flash\":\"Not fired\",\"title\":false,\"keywords\":false,\"width\":3456,\"height\":5184,\"saved\":true,\"thumbnail\":{\"width\":266,\"height\":400},\"webview\":{\"0\":1333,\"1\":2000,\"2\":2,\"3\":\"width=\\\"1333\\\" height=\\\"2000\\\"\",\"bits\":8,\"channels\":3,\"mime\":\"image\\\/jpeg\"}}},{\"pid\":\"38\",\"filename\":\"img_9299.jpg\",\"description\":\"\",\"alttext\":\"\",\"link\":null,\"imagedate\":\"2017-12-04 21:41:29\",\"hitcounter\":\"30\",\"total_value\":\"0\",\"total_votes\":\"0\",\"meta_data\":{\"aperture\":\"F 1.8\",\"credit\":false,\"camera\":\"Canon EOS 7D\",\"caption\":false,\"created_timestamp\":\"M\\u00e4rz 7, 2020 2:38 pm\",\"copyright\":false,\"focal_length\":\"50mm\",\"iso\":1000,\"shutter_speed\":\"1\\\/80sec\",\"flash\":\"Not fired\",\"title\":false,\"keywords\":false,\"width\":3456,\"height\":5184,\"saved\":true,\"thumbnail\":{\"width\":266,\"height\":400},\"webview\":{\"0\":1333,\"1\":2000,\"2\":2,\"3\":\"width=\\\"1333\\\" height=\\\"2000\\\"\",\"bits\":8,\"channels\":3,\"mime\":\"image\\\/jpeg\"}}},{\"pid\":\"39\",\"filename\":\"img_9300.jpg\",\"description\":\"\",\"alttext\":\"\",\"link\":null,\"imagedate\":\"2017-12-04 21:41:31\",\"hitcounter\":\"28\",\"total_value\":\"0\",\"total_votes\":\"0\",\"meta_data\":{\"aperture\":\"F 1.8\",\"credit\":false,\"camera\":\"Canon EOS 7D\",\"caption\":false,\"created_timestamp\":\"M\\u00e4rz 7, 2020 2:38 pm\",\"copyright\":false,\"focal_length\":\"50mm\",\"iso\":1000,\"shutter_speed\":\"1\\\/80sec\",\"flash\":\"Not fired\",\"title\":false,\"keywords\":false,\"width\":3456,\"height\":5184,\"saved\":true,\"thumbnail\":{\"width\":266,\"height\":400},\"webview\":{\"0\":1333,\"1\":2000,\"2\":2,\"3\":\"width=\\\"1333\\\" height=\\\"2000\\\"\",\"bits\":8,\"channels\":3,\"mime\":\"image\\\/jpeg\"}}},{\"pid\":\"40\",\"filename\":\"img_9492.jpg\",\"description\":\"\",\"alttext\":\"\",\"link\":null,\"imagedate\":\"2017-12-04 22:26:20\",\"hitcounter\":\"27\",\"total_value\":\"0\",\"total_votes\":\"0\",\"meta_data\":{\"aperture\":\"F 2.8\",\"credit\":false,\"camera\":\"Canon EOS 7D\",\"caption\":false,\"created_timestamp\":\"M\\u00e4rz 7, 2020 2:39 pm\",\"copyright\":false,\"focal_length\":\"17mm\",\"iso\":320,\"shutter_speed\":\"1\\\/100sec\",\"flash\":\"Not fired\",\"title\":false,\"keywords\":false,\"width\":3456,\"height\":5184,\"saved\":true,\"thumbnail\":{\"width\":266,\"height\":400},\"webview\":{\"0\":1333,\"1\":2000,\"2\":2,\"3\":\"width=\\\"1333\\\" height=\\\"2000\\\"\",\"bits\":8,\"channels\":3,\"mime\":\"image\\\/jpeg\"}}},{\"pid\":\"68\",\"filename\":\"joh_osf_1.jpg\",\"description\":\"\",\"alttext\":\"\",\"link\":null,\"imagedate\":\"2020-03-09 14:39:13\",\"hitcounter\":\"30\",\"total_value\":\"0\",\"total_votes\":\"0\",\"meta_data\":{\"aperture\":false,\"credit\":false,\"camera\":false,\"caption\":false,\"created_timestamp\":\"M\\u00e4rz 9, 2020 2:36 pm\",\"copyright\":false,\"focal_length\":false,\"iso\":false,\"shutter_speed\":false,\"flash\":false,\"title\":false,\"keywords\":false,\"width\":416,\"height\":842,\"saved\":true,\"thumbnail\":{\"width\":197,\"height\":400},\"webview\":{\"0\":416,\"1\":842,\"2\":2,\"3\":\"width=\\\"416\\\" height=\\\"842\\\"\",\"bits\":8,\"channels\":3,\"mime\":\"image\\\/jpeg\"}}},{\"pid\":\"41\",\"filename\":\"img_8088.jpg\",\"description\":\"\",\"alttext\":\"\",\"link\":null,\"imagedate\":\"2018-06-23 13:53:26\",\"hitcounter\":\"27\",\"total_value\":\"0\",\"total_votes\":\"0\",\"meta_data\":{\"aperture\":\"F 1.8\",\"credit\":false,\"camera\":\"iPhone X\",\"caption\":false,\"created_timestamp\":\"M\\u00e4rz 7, 2020 3:08 pm\",\"copyright\":false,\"focal_length\":\"4mm\",\"iso\":20,\"shutter_speed\":\"1\\\/230sec\",\"flash\":\"Not fired\",\"title\":false,\"keywords\":false,\"width\":1200,\"height\":1200,\"saved\":true,\"thumbnail\":{\"width\":400,\"height\":400},\"webview\":{\"0\":1200,\"1\":1200,\"2\":2,\"3\":\"width=\\\"1200\\\" height=\\\"1200\\\"\",\"bits\":8,\"channels\":3,\"mime\":\"image\\\/jpeg\"}}},{\"pid\":\"71\",\"filename\":\"snapshot3.jpg\",\"description\":\"\",\"alttext\":\"\",\"link\":null,\"imagedate\":\"2020-03-09 14:43:46\",\"hitcounter\":\"29\",\"total_value\":\"0\",\"total_votes\":\"0\",\"meta_data\":{\"aperture\":false,\"credit\":false,\"camera\":false,\"caption\":false,\"created_timestamp\":false,\"copyright\":false,\"focal_length\":false,\"iso\":false,\"shutter_speed\":false,\"flash\":false,\"title\":false,\"keywords\":false,\"width\":1920,\"height\":1080,\"saved\":true,\"thumbnail\":{\"width\":400,\"height\":225},\"webview\":{\"0\":1920,\"1\":1080,\"2\":2,\"3\":\"width=\\\"1920\\\" height=\\\"1080\\\"\",\"bits\":8,\"channels\":3,\"mime\":\"image\\\/jpeg\"}}},{\"pid\":\"43\",\"filename\":\"img_e8129.jpg\",\"description\":\"\",\"alttext\":\"\",\"link\":null,\"imagedate\":\"2018-06-23 16:08:49\",\"hitcounter\":\"26\",\"total_value\":\"0\",\"total_votes\":\"0\",\"meta_data\":{\"aperture\":\"F 2.4\",\"credit\":false,\"camera\":\"iPhone X\",\"caption\":false,\"created_timestamp\":\"M\\u00e4rz 7, 2020 3:09 pm\",\"copyright\":false,\"focal_length\":\"6mm\",\"iso\":25,\"shutter_speed\":\"1\\\/120sec\",\"flash\":\"Not fired\",\"title\":false,\"keywords\":false,\"width\":1200,\"height\":1200,\"saved\":true,\"thumbnail\":{\"width\":400,\"height\":400},\"webview\":{\"0\":1200,\"1\":1200,\"2\":2,\"3\":\"width=\\\"1200\\\" height=\\\"1200\\\"\",\"bits\":8,\"channels\":3,\"mime\":\"image\\\/jpeg\"}}},{\"pid\":\"44\",\"filename\":\"img_8135.jpg\",\"description\":\"\",\"alttext\":\"\",\"link\":null,\"imagedate\":\"2018-06-23 16:58:06\",\"hitcounter\":\"26\",\"total_value\":\"0\",\"total_votes\":\"0\",\"meta_data\":{\"aperture\":\"F 1.8\",\"credit\":false,\"camera\":\"iPhone X\",\"caption\":false,\"created_timestamp\":\"M\\u00e4rz 7, 2020 3:08 pm\",\"copyright\":false,\"focal_length\":\"4mm\",\"iso\":20,\"shutter_speed\":\"1\\\/170sec\",\"flash\":\"Not fired\",\"title\":false,\"keywords\":false,\"width\":1200,\"height\":1200,\"saved\":true,\"thumbnail\":{\"width\":400,\"height\":400},\"webview\":{\"0\":1200,\"1\":1200,\"2\":2,\"3\":\"width=\\\"1200\\\" height=\\\"1200\\\"\",\"bits\":8,\"channels\":3,\"mime\":\"image\\\/jpeg\"}}},{\"pid\":\"45\",\"filename\":\"img_8114.jpg\",\"description\":\"\",\"alttext\":\"\",\"link\":null,\"imagedate\":\"2018-06-23 15:37:36\",\"hitcounter\":\"29\",\"total_value\":\"0\",\"total_votes\":\"0\",\"meta_data\":{\"aperture\":\"F 1.8\",\"credit\":false,\"camera\":\"iPhone X\",\"caption\":false,\"created_timestamp\":\"M\\u00e4rz 7, 2020 3:08 pm\",\"copyright\":false,\"focal_length\":\"4mm\",\"iso\":20,\"shutter_speed\":\"1\\\/300sec\",\"flash\":\"Not fired\",\"title\":false,\"keywords\":false,\"width\":1200,\"height\":883,\"saved\":true,\"thumbnail\":{\"width\":400,\"height\":294},\"webview\":{\"0\":1200,\"1\":883,\"2\":2,\"3\":\"width=\\\"1200\\\" height=\\\"883\\\"\",\"bits\":8,\"channels\":3,\"mime\":\"image\\\/jpeg\"}}},{\"pid\":\"46\",\"filename\":\"best_cellar_raz_weilheim-25-von-34.jpg\",\"description\":\"\",\"alttext\":\"\",\"link\":null,\"imagedate\":\"2019-01-12 21:07:17\",\"hitcounter\":\"28\",\"total_value\":\"0\",\"total_votes\":\"0\",\"meta_data\":{\"aperture\":\"F 6.3\",\"credit\":false,\"camera\":\"ILCE-6500\",\"caption\":false,\"created_timestamp\":\"M\\u00e4rz 7, 2020 2:54 pm\",\"copyright\":false,\"focal_length\":\"210mm\",\"iso\":6400,\"shutter_speed\":\"1\\\/60sec\",\"flash\":\"Not fired\",\"title\":false,\"keywords\":false,\"width\":1200,\"height\":800,\"saved\":true,\"thumbnail\":{\"width\":400,\"height\":266},\"webview\":{\"0\":1200,\"1\":800,\"2\":2,\"3\":\"width=\\\"1200\\\" height=\\\"800\\\"\",\"bits\":8,\"channels\":3,\"mime\":\"image\\\/jpeg\"}}}]}]}<\/script><\/div><noscript id=\"noscript_FlaGallery_sc1_4\"><img class=\"skip-lazy no-lazyload noLazy\" data-lazy-src=\"\" src =\"https:\/\/best-cellar-raz.de\/wp-content\/flagallery\/johannes\/snapshot0.jpg\" alt=\"\" \/><img class=\"skip-lazy no-lazyload noLazy\" data-lazy-src=\"\" src =\"https:\/\/best-cellar-raz.de\/wp-content\/flagallery\/johannes\/img_8543.jpg\" alt=\"\" \/><img class=\"skip-lazy no-lazyload noLazy\" data-lazy-src=\"\" src =\"https:\/\/best-cellar-raz.de\/wp-content\/flagallery\/johannes\/best_cellar_raz_weilheim-12-von-34.jpg\" alt=\"\" \/><img class=\"skip-lazy no-lazyload noLazy\" data-lazy-src=\"\" src =\"https:\/\/best-cellar-raz.de\/wp-content\/flagallery\/johannes\/snapshot6.jpg\" alt=\"\" \/><img class=\"skip-lazy no-lazyload noLazy\" data-lazy-src=\"\" src =\"https:\/\/best-cellar-raz.de\/wp-content\/flagallery\/johannes\/joh_osf_2.jpg\" alt=\"\" \/><img class=\"skip-lazy no-lazyload noLazy\" data-lazy-src=\"\" src =\"https:\/\/best-cellar-raz.de\/wp-content\/flagallery\/johannes\/img_8138.jpg\" alt=\"\" \/><img class=\"skip-lazy no-lazyload noLazy\" data-lazy-src=\"\" src =\"https:\/\/best-cellar-raz.de\/wp-content\/flagallery\/johannes\/img_9004.jpg\" alt=\"\" \/><img class=\"skip-lazy no-lazyload noLazy\" data-lazy-src=\"\" src =\"https:\/\/best-cellar-raz.de\/wp-content\/flagallery\/johannes\/img_9299.jpg\" alt=\"\" \/><img class=\"skip-lazy no-lazyload noLazy\" data-lazy-src=\"\" src =\"https:\/\/best-cellar-raz.de\/wp-content\/flagallery\/johannes\/img_9300.jpg\" alt=\"\" \/><img class=\"skip-lazy no-lazyload noLazy\" data-lazy-src=\"\" src =\"https:\/\/best-cellar-raz.de\/wp-content\/flagallery\/johannes\/img_9492.jpg\" alt=\"\" \/><img class=\"skip-lazy no-lazyload noLazy\" data-lazy-src=\"\" src =\"https:\/\/best-cellar-raz.de\/wp-content\/flagallery\/johannes\/joh_osf_1.jpg\" alt=\"\" \/><img class=\"skip-lazy no-lazyload noLazy\" data-lazy-src=\"\" src =\"https:\/\/best-cellar-raz.de\/wp-content\/flagallery\/johannes\/img_8088.jpg\" alt=\"\" \/><img class=\"skip-lazy no-lazyload noLazy\" data-lazy-src=\"\" src =\"https:\/\/best-cellar-raz.de\/wp-content\/flagallery\/johannes\/snapshot3.jpg\" alt=\"\" \/><img class=\"skip-lazy no-lazyload noLazy\" data-lazy-src=\"\" src =\"https:\/\/best-cellar-raz.de\/wp-content\/flagallery\/johannes\/img_e8129.jpg\" alt=\"\" \/><img class=\"skip-lazy no-lazyload noLazy\" data-lazy-src=\"\" src =\"https:\/\/best-cellar-raz.de\/wp-content\/flagallery\/johannes\/img_8135.jpg\" alt=\"\" \/><img class=\"skip-lazy no-lazyload noLazy\" data-lazy-src=\"\" src =\"https:\/\/best-cellar-raz.de\/wp-content\/flagallery\/johannes\/img_8114.jpg\" alt=\"\" \/><img class=\"skip-lazy no-lazyload noLazy\" data-lazy-src=\"\" src =\"https:\/\/best-cellar-raz.de\/wp-content\/flagallery\/johannes\/best_cellar_raz_weilheim-25-von-34.jpg\" alt=\"\" \/><\/noscript><\/div>\n\n\n\n<p><\/p>\n","protected":false},"excerpt":{"rendered":"<p>Die Liebe und Hingabe zur Musik habe ich von meinem Vater. Schon im zarten Alter von 8 Jahren unterrichtete er mich auf der Geige. Filigran, klassisch, viel Schwei\u00df, viel Tr\u00e4nen &#8211; dann lieber doch Gitarre. Zuerst klassisch, dann am Lagerfeuer &#8211; Wow, damit kann man M\u00e4dels beeindrucken! Aber es geht noch mehr, elektrisch, laut, die &hellip; <\/p>\n<p class=\"link-more\"><a href=\"https:\/\/best-cellar-raz.de\/index.php\/johannes\/\" class=\"more-link\"><span class=\"screen-reader-text\">\u201eJohannes Weber\u201c<\/span> weiterlesen<\/a><\/p>\n","protected":false},"author":1,"featured_media":0,"parent":0,"menu_order":0,"comment_status":"closed","ping_status":"closed","template":"","meta":{"footnotes":""},"class_list":["post-69","page","type-page","status-publish","hentry"],"_links":{"self":[{"href":"https:\/\/best-cellar-raz.de\/index.php\/wp-json\/wp\/v2\/pages\/69","targetHints":{"allow":["GET"]}}],"collection":[{"href":"https:\/\/best-cellar-raz.de\/index.php\/wp-json\/wp\/v2\/pages"}],"about":[{"href":"https:\/\/best-cellar-raz.de\/index.php\/wp-json\/wp\/v2\/types\/page"}],"author":[{"embeddable":true,"href":"https:\/\/best-cellar-raz.de\/index.php\/wp-json\/wp\/v2\/users\/1"}],"replies":[{"embeddable":true,"href":"https:\/\/best-cellar-raz.de\/index.php\/wp-json\/wp\/v2\/comments?post=69"}],"version-history":[{"count":6,"href":"https:\/\/best-cellar-raz.de\/index.php\/wp-json\/wp\/v2\/pages\/69\/revisions"}],"predecessor-version":[{"id":206,"href":"https:\/\/best-cellar-raz.de\/index.php\/wp-json\/wp\/v2\/pages\/69\/revisions\/206"}],"wp:attachment":[{"href":"https:\/\/best-cellar-raz.de\/index.php\/wp-json\/wp\/v2\/media?parent=69"}],"curies":[{"name":"wp","href":"https:\/\/api.w.org\/{rel}","templated":true}]}}